73
List the prime factors of 239032260.
2, 3, 5, 709, 1873
List the prime factors of 175942756.
2, 11, 43, 92993
What are the prime factors of 111451809?
3, 7, 5307229
What are the prime factors of 1817479787?
367, 4952261
What are the prime factors of 9588492?
2, 3, 83, 3209
List the prime factors of 897216385.
5, 13, 19, 163, 4457
List the prime factors of 196848477.
3, 7, 3124579
What are the prime factors of 106827493?
701, 152393
List the prime factors of 104665022.
2, 7, 11, 17, 39979
List the prime factors of 121815624.
2, 3, 7, 53, 13681
What are the prime factors of 11925013?
11925013
What are the prime factors of 180304569?
3, 53, 163, 773
List the prime factors of 3002589379.
1801, 1667179
What are the prime factors of 326774726?
2, 29, 997, 5651
List the prime factors of 235133050.
2, 5, 101, 461
List the prime factors of 1011777712.
2, 11, 17, 338161
List the prime factors of 480698484.
2, 3, 7, 83, 68947
What are the prime factors of 1022169030?
2, 3, 5, 17, 19, 37, 2851
List the prime factors of 410334726.
2, 3, 4993, 13697
What are the prime factors of 1923696423?
3, 11, 3049, 6373
List the prime factors of 1429001859.
3, 476333953
What are the prime factors of 309264506?
2, 154632253
What are the prime factors of 157055473?
10789, 14557
List the prime factors of 47299026.
2, 3, 211, 37361
What are the prime factors of 1261492257?
3, 29, 14499911
List the prime factors of 20875214.
2, 23, 31, 14639
List the prime factors of 81366185.
5, 16273237
What are the prime factors of 1757251232?
2, 11, 1049, 4759
What are the prime factors of 46723939?
17, 2748467
List the prime factors of 985344612.
2, 3, 7, 67, 175079
What are the prime factors of 215494629?
3, 7, 43, 167, 1429
What are the prime factors of 71523336?
2, 3, 2980139
What are the prime factors of 99516244?
2, 59, 409, 1031
What are the prime factors of 49009674?
2, 3, 7, 17, 83, 827
List the prime factors of 34422432.
2, 3, 11, 37, 881
List the prime factors of 80532497.
80532497
List the prime factors of 54272483.
17, 3192499
List the prime factors of 17365523.
7, 439, 5651
List the prime factors of 34946198.
2, 7, 673, 3709
List the prime factors of 97750366.
2, 7, 131, 53299
List the prime factors of 481083192.
2, 3, 19, 117223
What are the prime factors of 1297798789?
7, 41, 971, 4657
List the prime factors of 277165762.
2, 257, 539233
List the prime factors of 196035325.
5, 23, 340931
What are the prime factors of 1021087464?
2, 3, 149, 285539
What are the prime factors of 535910493?
3, 178636831
What are the prime factors of 74859750?
2, 3, 5, 7, 97
What are the prime factors of 123796390?
2, 5, 12379639
What are the prime factors of 4133949738?
2, 3, 17, 19, 43, 113, 439
What are the prime factors of 45970478?
2, 22985239
What are the prime factors of 12589488?
2, 3, 87427
List the prime factors of 920168907.
3, 7, 43817567
List the prime factors of 163189022.
2, 31, 151, 17431
List the prime factors of 868176493.
43, 107, 188693
What are the prime factors of 317283505?
5, 7, 11, 23, 35831
List the prime factors of 430723750.
2, 5, 317, 1087
List the prime factors of 882862614.
2, 3, 101, 181, 2683
List the prime factors of 443749555.
5, 17, 181, 28843
What are the prime factors of 14071032?
2, 3, 23, 29, 293
What are the prime factors of 3631891677?
3, 47, 25758097
List the prime factors of 938246388.
2, 3, 17, 227, 20261
List the prime factors of 1256497339.
1256497339
List the prime factors of 286835160.
2, 3, 5, 1493, 1601
List the prime factors of 48912606.
2, 3, 31, 61, 479
What are the prime factors of 45618313?
13, 43, 79, 1033
List the prime factors of 5090979011.
12589, 404399
What are the prime factors of 461192372?
2, 43, 127, 491
What are the prime factors of 11976731?
13, 921287
What are the prime factors of 48620539?
11, 4420049
List the prime factors of 3874042886.
2, 7, 19, 14564071
What are the prime factors of 39119921?
39119921
List the prime factors of 1323153085.
5, 23, 11505679
What are the prime factors of 28619321?
28619321
List the prime factors of 2262475937.
23, 4931, 19949
What are the prime factors of 23664053?
7, 37, 91367
What are the prime factors of 59953801?
23, 37, 70451
List the prime factors of 1325406673.
43, 30823411
List the prime factors of 453195690.
2, 3, 5, 17, 127, 6997
What are the prime factors of 1302754282?
2, 1087, 599243
List the prime factors of 7390136626.
2, 3695068313
List the prime factors of 95187257.
11, 233, 37139
What are the prime factors of 30475814?
2, 15237907
What are the prime factors of 100443775?
5, 283, 14197
What are the prime factors of 1108823794?
2, 13, 42647069
List the prime factors of 39920900.
2, 5, 19, 21011
List the prime factors of 2228807511.
3, 7, 3571, 9907
List the prime factors of 87302708.
2, 21825677
What are the prime factors of 2859130597?
67, 263, 162257
List the prime factors of 813727192.
2, 103, 987533
What are the prime factors of 60380834?
2, 30190417
What are the prime factors of 14748567?
3, 4916189
What are the prime factors of 5535127392?
2, 3, 57657577
What are the prime factors of 196118396?
2, 49029599
What are the prime factors of 81432800?
2, 5, 137, 743
List the prime factors of 2762829670.
2, 5, 47, 89, 257
List the prime factors of 38366586.
2, 3, 17, 19, 6599
List the prime factors of 2416122117.
3, 12487, 21499
List the prime factors of 92614789.
92614789
What are the prime factors of 28384786?
2, 53, 267781
List the prime factors of 878609464.
2, 1663, 66041
What are the prime factors of 3859562302?
2, 19, 101567429
What are the prime factors of 135444946?
2, 7, 13, 744203
What are the prime factors of 245463191?
79, 251, 12379
What are the prime factors of 2447952970?
2, 5, 19, 41, 314243
What are the prime factors of 2716440?
2, 3, 5, 22637
List the prime factors of 8303268503.
17, 488427559
List the prime factors of 54730346.
2, 11, 2487743
What are the prime factors of 122257106?
2, 3251, 18803
List the prime factors of 21877569.
3, 7, 19, 373
List the prime factors of 134490950.
2, 5, 11, 244529
List the prime factors of 171149638.
2, 11, 7779529
What are the prime factors of 537884483?
537884483
What are the prime factors of 864641871?
3, 653, 5449
What are the prime factors of 6299957575?
5, 251998303
What are the prime factors of 6005828328?
2, 3, 401, 624047
What are the prime factors of 577298707?
367, 1573021
List the prime factors of 149989187.
23, 6521269
What are the prime factors of 16419184?
2, 1026199
List the prime factors of 3521002337.
15361, 229217
List the prime factors of 89733670.
2, 5, 13, 690259
List the prime factors of 1483425604.
2, 370856401
List the prime factors of 120697570.
2, 5, 7, 31, 55621
What are the prime factors of 257662995?
3, 5, 269, 63857
List the prime factors of 2350811459.
17, 10891, 12697
List the prime factors of 87938496.
2, 3, 152671
What are the prime factors of 51582420?
2, 3, 5, 17, 1873
What are the prime factors of 797916922?
2, 11, 281, 337, 383
What are the prime factors of 52821878?
2, 26410939
List the prime factors of 98868868.
2, 7, 43, 11731
List the prime factors of 39493613.
113, 373, 937
List the prime factors of 28551970.
2, 5, 23, 124139
What are the prime factors of 167397060?
2, 3, 5, 2789951
What are the prime factors of 958319474?
2, 7, 68451391
List the prime factors of 154240758.
2, 3, 7, 1224133
What are the prime factors of 55591967?
19, 2925893
What are the prime factors of 1588216249?
1588216249
List the prime factors of 26810937.
3, 467, 6379
What are the prime factors of 46316762?
2, 43, 538567
What are the prime factors of 542979517?
542979517
List the prime factors of 105432252.
2, 3, 8786021
What are the prime factors of 850495096?
2, 11, 9664717
What are the prime factors of 4924322062?
2, 11, 239, 936539
List the prime factors of 427046918.
2, 631, 338389
What are the prime factors of 41791187?
41791187
What are the prime factors of 146985131?
311, 593, 797
What are the prime factors of 101525046?
2, 3, 7, 863, 2801
List the prime factors of 42529384.
2, 5316173
What are the prime factors of 4984702092?
2, 3, 1129, 13627
What are the prime factors of 162041127?
3, 17, 419, 7583
What are the prime factors of 628716825?
3, 5, 11, 254027
What are the prime factors of 3